 is the greatest common factor of p and h?
12
Let h be 132*((-28)/(-6))/14. Calculate the greatest common factor of h and 20.
4
Let j be 4*6*(-5)/(-60). What is the highest common factor of j and 2?
2
Suppose -33*q = -1647 - 7461. Calculate the highest common factor of 72 and q.
12
Let h be (-396)/(-14)*616/132. Calculate the highest common factor of 2112 and h.
132
Let z = 376 - 368. What is the greatest common factor of 2 and z?
2
Let r = -52 - -56. Suppose -5*x + 25 = -r*x. Let h be (-34)/(-6) + (-2)/3. What is the greatest common divisor of x and h?
5
Let u be 69/(-2)*16/(-12). Calculate the greatest common divisor of 506 and u.
46
Let l = 222 + -217. Calculate the highest common divisor of 145 and l.
5
Let k = 11 - 11. Suppose y + u - 4 = k, -2*y - 6*u + u + 11 = 0. Suppose 4*p - 78 = -y*m + 1, -5*m = -3*p + 81. What is the greatest common factor of 55 and p?
11
Let q(s) = -s**3 - 7*s**2 + 13*s + 4. Let i be q(-10). Let f be (28/(-12))/((-2)/i). Calculate the highest common divisor of 29 and f.
29
Let p be (16/(-12))/((-8)/132). Let k be (-4)/p - 140/(-44). Suppose -k*t - 10 + 25 = 0. Calculate the highest common factor of 20 and t.
5
Let a be -4 + (1 - -5)*(-55)/(-33). Let o be (-2)/(-4) + 30/12. What is the highest common factor of o and a?
3
Let u(z) = 43*z - 43. Let t be u(18). Calculate the greatest common divisor of 86 and t.
43
Let q = 1854 - 1774. What is the greatest common divisor of 64 and q?
16
Let s be (-4 + 3)/(256/86 + -3). What is the greatest common factor of 43 and s?
43
Let g be ((-1125)/(-100))/((-9)/(-96)). Calculate the greatest common divisor of g and 230.
10
Suppose 0 = -10*b + 670 + 1370. Calculate the highest common divisor of 132 and b.
12
Suppose 127 = 5*m - 228. Calculate the highest common factor of m and 781.
71
Let n(u) = -8*u + 308. Let l be n(27). What is the greatest common divisor of l and 322?
46
Let a(f) = 40*f - 12. Let y be a(-8). Let u = 588 + y. What is the highest common divisor of u and 32?
32
Suppose -p + 280 = 5*z, -2*z + 112 = -3*p + 8*p. Calculate the greatest common factor of 574 and z.
14
Let v = 936 + -897. What is the highest common factor of 1131 and v?
39
Suppose -5*f - 5 = 0, 98 = -x + 3*x - 2*f. Let z be -9*44/(-8)*2. Suppose 3*j - z = -i, j + 81 = 4*j - 5*i. What is the highest common factor of j and x?
16
Suppose -5*i + 4*h + 648 = 0, i - 133 = 3*h + 1. Suppose 66*r - 62*r - 64 = 0. What is the greatest common divisor of r and i?
16
Let v(a) = 3*a**2 - 3*a + 12. Let t be v(8). Suppose -q = s - 0*s - 45, -4*s = q - t. What is the highest common divisor of s and 9?
9
Let w be 5400/(-12)*4/(-6). Let f be (6/4)/(5/w). Let a be f/8 - 6/(-8). What is the highest common divisor of 48 and a?
12
Suppose -2*v + 10 = 12. Let b be 5 + -5 - (-298 - v). What is the greatest common divisor of 33 and b?
33
Let f = -291 + 411. Calculate the highest common factor of 96 and f.
24
Suppose -10*m + 60 = -15*m. Let t(p) = -p**2 - 14*p - 16. Let y be t(m). What is the greatest common divisor of 88 and y?
8
Let b(j) be the first derivative of j**3/3 + 7*j**2/2 + 22*j - 6. Let x be b(-6). Calculate the greatest common divisor of x and 112.
16
Suppose 2*v = 9*v - 448. Suppose v*l - 280 = 60*l. What is the highest common factor of 28 and l?
14
Let h = -46 + 49. Let c(n) = -n**3 + 4*n**2 + 4*n - 10. Let x be c(h). Calculate the greatest common factor of x and 121.
11
Let i(q) = 30*q**2 - q - 1. Let d = -9 - -8. Let w be i(d). Let g = 51 - w. What is the highest common divisor of 147 and g?
21
Let d(u) = 355*u**2 - 5*u + 1. Let v be d(2). What is the highest common divisor of 51 and v?
17
Suppose -53 = 13*r + 103. Let y = r + 32. What is the greatest common divisor of 60 and y?
20
Let u(g) = 7*g - 3*g - 5*g + 6 - 1. Let i be u(-9). Calculate the greatest common divisor of i and 126.
14
Suppose 0*m = -5*q - 2*m + 1153, -3 = 3*m. Suppose 0*i = 5*i - 105. Calculate the highest common divisor of q and i.
21
Let m = 124 + -138. Let k = 46 - m. What is the highest common factor of 80 and k?
20
Let h(m) = -m**3 + 7*m**2 - 5*m + 5. Let q be h(6). Let b be (51/(-34))/((-157)/154 + 1). What is the greatest common divisor of q and b?
11
Suppose 0 = 3*r - 5*o - 527, 5*r + 3*o - 868 = o. Suppose -6 = 7*n - r. What is the greatest common factor of 8 and n?
8
Suppose -4*m = -336 - 368. Let a = 42 - 26. What is the greatest common factor of m and a?
16
Let d(o) = o**3 + 7*o**2 + 2*o - 3. Let j be d(-3). What is the greatest common factor of j and 135?
27
Let u(l) = -l + 42. Let b be u(19). Suppose i - k - k = b, 2*i - 2*k = 40. What is the highest common divisor of i and 51?
17
Let u = 74 + -237. Let d = u + 203. What is the greatest common divisor of 200 and d?
40
Suppose 4*a - 2*i - 2 = 0, -2*a - a - 1 = -4*i. Let x be a + -1 + (0 - -5). Let c be 2313/45 - 2/x. What is the highest common factor of 17 and c?
17
Let n = 43 - 40. Suppose 89 = a - n*o - 0*o, 2*a - o = 158. What is the highest common factor of a and 7?
7
Let h be (-15)/10*140/3. Let y = 114 + h. Calculate the greatest common divisor of y and 22.
22
Let r(v) = -3*v**2 + 2*v + 10. Let g be r(0). Suppose 14 = -2*i - 2*q + 42, 0 = 3*i + 2*q - 38. What is the greatest common factor of g and i?
10
Let h = 66 - 26. Suppose c - 3 = 7. What is the highest common factor of h and c?
10
Let n(g) = 5*g**2 - 26*g + 20. Let a be n(16). Calculate the greatest common factor of 52 and a.
52
Suppose 48 = 7*s + 5*s. Let f be (-1)/((-2)/50*(s - 3)). Calculate the greatest common divisor of f and 175.
25
Suppose 3*l + 5*a - 52 = 139, a = -4*l + 283. Suppose -x = -3*x + 40. Let c = -11 + x. What is the greatest common divisor of c and l?
9
Suppose d = q - 0*q - 16, -3*q + 63 = -4*d. Let u = d + -22. Let o = -7 - u. Calculate the greatest common divisor of 6 and o.
6
Let w = 19 + 39. Suppose -3*y + z + z + w = 0, 0 = -4*y + 4*z + 76. Calculate the greatest common factor of 5 and y.
5
Suppose 12*t - 42*t + 5850 = 0. Calculate the highest common divisor of t and 60.
15
Suppose 74 = 3*u - 2*y, 21*y = 5*u + 25*y - 138. Calculate the greatest common factor of u and 117.
13
Suppose 33 + 231 = 3*a. Let d = 198 - a. What is the highest common factor of 22 and d?
22
Suppose 12*b - b = 1320. What is the greatest common factor of 5 and b?
5
Let b(v) = -v**3 + 5*v**2 + v - 3. Let m be b(5). Suppose -2*p = m*p - 44. Suppose -240 = -16*o + p*o. Calculate the greatest common factor of o and 8.
8
Suppose 0 = 31*l - 2712 - 822. What is the greatest common factor of l and 12?
6
Suppose 2*y - 3*y = -40. Suppose 4*v = -4*q + y, 3*q - 4*v - 59 = -2*q. Calculate the highest common divisor of q and 88.
11
Suppose -18 = -8*u + 6. Suppose 8*o - u*o + a - 545 = 0, -5*o - 5*a = -565. What is the highest common factor of o and 24?
12
Let k = -9 + 21. Let g be (4/12)/(1/k). What is the highest common divisor of g and 4?
4
Let w(g) = -6*g + 24. Let h(r) = -r - 1. Let k(p) = -4*h(p) + w(p). Let f be k(10). Calculate the greatest common divisor of f and 8.
8
Suppose -5*s = -793 + 173. Let v = -72 + s. Let x = 3814 + -3801. Calculate the highest common factor of v and x.
13
Let p = 656 - 624. What is the greatest common divisor of 88 and p?
8
Let c(r) = 6*r + 4. Let h(p) = 21*p - 5. Let o be h(1). Let g be c(o). Calculate the greatest common divisor of g and 20.
20
Suppose 7*g - 35 - 7 = 0. Suppose g*h = h + 60. What is the highest common factor of 36 and h?
12
Suppose -138*a - 168 = -150*a. Calculate the greatest common divisor of 112 and a.
14
Suppose 4*t = -93 + 357. Suppose 3*g = 150 - 51. Calculate the greatest common factor of g and t.
33
Suppose 0 = p - 113 + 5. Let o be ((-20)/6)/(5/(-18)). Calculate the highest common divisor of p and o.
12
Let d be -9*(-1)/1 + 4. Let a(b) = -b**3 + 4*b**2 + 2*b - 2. Let z be a(3). What is the highest common factor of z and d?
13
Let j = 46 + -42. Suppose 4*i - 3*g - 16 = 0, -j*g = 3*i - 12 - 0. Calculate the greatest common divisor of i and 8.
4
Let v(w) = 8*w + 41. Let y be v(-7). Let s = 41 + y. Let l(r) = 12*r**2 - 2*r. Let d be l(-2). Calculate the greatest common divisor of s and d.
26
Let h(r) = r**2 + 7*r + 14. Let z be h(-5). Suppose -4*u + o + 87 = 2*o, z*o + 93 = 5*u. What is the highest common factor of u and 14?
7
Let i(l) = 14*l**3 - l**2 - 16*l**3 + 3*l**3.